{"id":1503,"date":"2023-06-24T23:05:00","date_gmt":"2023-06-24T23:05:00","guid":{"rendered":"https:\/\/laprovidenciatandil.com\/?post_type=product&#038;p=1503"},"modified":"2026-03-20T20:32:41","modified_gmt":"2026-03-20T20:32:41","slug":"reggiano-migue","status":"publish","type":"product","link":"https:\/\/laprovidenciatandil.com\/index.php\/product\/reggiano-migue\/","title":{"rendered":"REGGIANO MIGUE"},"content":{"rendered":"<p>Queso de baja humedad o pasta dura madurada graso o semigraso que se obtiene por coagulaci\u00f3n de la leche por medio del cuajo y\/o enzimas coagulantes apropiadas, completada por la acci\u00f3n de bacterias l\u00e1cticas espec\u00edficas.Posee una corteza lisa, consistentes, bien formada, cubierta con revestimiento apropiado de color negro. La pasta es amarilla poco saturada. No presenta ojos. Posee aproximadamente 5 meses de maduraci\u00f3n.<\/p>\n<p>Peso Aproximado de la horma: 7,6 Kg.<\/p>\n<p>Peso Minimo de compra por trozo sellado al vacio: 200 Gr.<\/p>\n","protected":false},"excerpt":{"rendered":"<p>Queso de baja humedad o pasta dura madurada graso o semigraso que se obtiene por coagulaci\u00f3n de la leche por medio del cuajo y\/o enzimas coagulantes apropiadas, completada por la acci\u00f3n de bacterias l\u00e1cticas espec\u00edficas.Posee una corteza lisa, consistentes, bien formada, cubierta con revestimiento apropiado de color negro. La pasta es amarilla poco saturada. No presenta ojos. Posee aproximadamente 5 meses de maduraci\u00f3n.<\/p>\n<p>Peso Aproximado de la horma: 7,6 Kg.<\/p>\n<p>Peso Minimo de compra por trozo sellado al vacio: 200 Gr.<\/p>\n","protected":false},"featured_media":1427,"comment_status":"open","ping_status":"closed","template":"","meta":{"_joinchat":[]},"product_brand":[],"product_cat":[205],"product_tag":[],"class_list":{"0":"post-1503","1":"product","2":"type-product","3":"status-publish","4":"has-post-thumbnail","6":"product_cat-quesos-en-horma","8":"first","9":"instock","10":"featured","11":"shipping-taxable","12":"purchasable","13":"product-type-simple"},"jetpack_sharing_enabled":true,"_links":{"self":[{"href":"https:\/\/laprovidenciatandil.com\/index.php\/wp-json\/wp\/v2\/product\/1503","targetHints":{"allow":["GET"]}}],"collection":[{"href":"https:\/\/laprovidenciatandil.com\/index.php\/wp-json\/wp\/v2\/product"}],"about":[{"href":"https:\/\/laprovidenciatandil.com\/index.php\/wp-json\/wp\/v2\/types\/product"}],"replies":[{"embeddable":true,"href":"https:\/\/laprovidenciatandil.com\/index.php\/wp-json\/wp\/v2\/comments?post=1503"}],"wp:featuredmedia":[{"embeddable":true,"href":"https:\/\/laprovidenciatandil.com\/index.php\/wp-json\/wp\/v2\/media\/1427"}],"wp:attachment":[{"href":"https:\/\/laprovidenciatandil.com\/index.php\/wp-json\/wp\/v2\/media?parent=1503"}],"wp:term":[{"taxonomy":"product_brand","embeddable":true,"href":"https:\/\/laprovidenciatandil.com\/index.php\/wp-json\/wp\/v2\/product_brand?post=1503"},{"taxonomy":"product_cat","embeddable":true,"href":"https:\/\/laprovidenciatandil.com\/index.php\/wp-json\/wp\/v2\/product_cat?post=1503"},{"taxonomy":"product_tag","embeddable":true,"href":"https:\/\/laprovidenciatandil.com\/index.php\/wp-json\/wp\/v2\/product_tag?post=1503"}],"curies":[{"name":"wp","href":"https:\/\/api.w.org\/{rel}","templated":true}]}}