{"id":858,"date":"2023-06-19T15:36:34","date_gmt":"2023-06-19T15:36:34","guid":{"rendered":"https:\/\/laprovidenciatandil.com\/?post_type=product&#038;p=858"},"modified":"2026-03-20T20:32:35","modified_gmt":"2026-03-20T20:32:35","slug":"sazon-para-pollo-badia","status":"publish","type":"product","link":"https:\/\/laprovidenciatandil.com\/index.php\/product\/sazon-para-pollo-badia\/","title":{"rendered":"Saz\u00f3n Para Pollo BADIA"},"content":{"rendered":"<p>Badia. Saz\u00f3n para pollo. Piment\u00f3n. Cebolla. Ajo. Sal. Producto de Estados Unidos.<\/p>\n<p>Saz\u00f3n para pollo. Piment\u00f3n. Cebolla. Ajo. Sal.<\/p>\n<p>Peso: 155,9grs<\/p>\n","protected":false},"excerpt":{"rendered":"<p>Badia. Saz\u00f3n para pollo. Piment\u00f3n. Cebolla. Ajo. Sal. Producto de Estados Unidos.<\/p>\n<p>Saz\u00f3n para pollo. Piment\u00f3n. Cebolla. Ajo. Sal.<\/p>\n<p>Peso: 155,9grs<\/p>\n","protected":false},"featured_media":797,"comment_status":"open","ping_status":"closed","template":"","meta":{"_joinchat":[]},"product_brand":[],"product_cat":[32],"product_tag":[87,159,156,160,165,157,176],"class_list":{"0":"post-858","1":"product","2":"type-product","3":"status-publish","4":"has-post-thumbnail","6":"product_cat-condimentos-y-aderezos","7":"product_tag-ajo","8":"product_tag-badia","9":"product_tag-cebolla","10":"product_tag-estados-unidos","11":"product_tag-pimenton","12":"product_tag-sal","13":"product_tag-sazon-para-pollo","15":"first","16":"instock","17":"featured","18":"shipping-taxable","19":"purchasable","20":"product-type-simple"},"jetpack_sharing_enabled":true,"_links":{"self":[{"href":"https:\/\/laprovidenciatandil.com\/index.php\/wp-json\/wp\/v2\/product\/858","targetHints":{"allow":["GET"]}}],"collection":[{"href":"https:\/\/laprovidenciatandil.com\/index.php\/wp-json\/wp\/v2\/product"}],"about":[{"href":"https:\/\/laprovidenciatandil.com\/index.php\/wp-json\/wp\/v2\/types\/product"}],"replies":[{"embeddable":true,"href":"https:\/\/laprovidenciatandil.com\/index.php\/wp-json\/wp\/v2\/comments?post=858"}],"wp:featuredmedia":[{"embeddable":true,"href":"https:\/\/laprovidenciatandil.com\/index.php\/wp-json\/wp\/v2\/media\/797"}],"wp:attachment":[{"href":"https:\/\/laprovidenciatandil.com\/index.php\/wp-json\/wp\/v2\/media?parent=858"}],"wp:term":[{"taxonomy":"product_brand","embeddable":true,"href":"https:\/\/laprovidenciatandil.com\/index.php\/wp-json\/wp\/v2\/product_brand?post=858"},{"taxonomy":"product_cat","embeddable":true,"href":"https:\/\/laprovidenciatandil.com\/index.php\/wp-json\/wp\/v2\/product_cat?post=858"},{"taxonomy":"product_tag","embeddable":true,"href":"https:\/\/laprovidenciatandil.com\/index.php\/wp-json\/wp\/v2\/product_tag?post=858"}],"curies":[{"name":"wp","href":"https:\/\/api.w.org\/{rel}","templated":true}]}}